
Let z be (62/4)/(0 - (-1)/2). Let q be (-85)/3 - 6/9. Let y = z - q. What are the prime factors of y?
2, 3, 5
Let n be 80 - (-2)/(0 - 2). Let v = -973 - -934. Let f = n + v. List the prime factors of f.
2, 5
Let u(j) = -3*j**3 - 19*j**2 - 4*j + 12. Let k be u(-6). Suppose -43*t + 51*t - 6456 = k. What are the prime factors of t?
3, 269
Let u be 10 - 6*(4/(-4))/2. Suppose -u*y + 380 + 2870 = 0. List the prime factors of y.
2, 5
Suppose m = 5, 0 = 9*s - 12*s - m + 38660. List the prime factors of s.
3, 5, 859
Suppose -3*w + v + 212 = 0, -63 = 3*v - 75. Suppose -5*q + 112 = -198. Let a = w + q. What are the prime factors of a?
2, 67
Let u = 96 - -129. Suppose -6*w + 7*w = -5*m + 1021, -5*w - u = -m. What are the prime factors of m?
5, 41
Let d = 776 - 1399. Let v = -178 - d. What are the prime factors of v?
5, 89
Suppose 105*y - 16*y - 449295 = 1049554. List the prime factors of y.
11, 1531
Let a be 8/(-72) - -1*25132/36. Suppose 3*u - 116 - 251 = -q, 2*q - 3*u = a. What are the prime factors of q?
5, 71
Let v(b) = -3*b**2 + 45*b + 2. Let k be v(15). Suppose -3*u - k*u + 1575 = 5*q, 0 = 4*u + 2*q - 1250. What are the prime factors of u?
2, 5, 31
Let h(d) = d**3 - 19*d**2 + 25*d - 123. Let v be h(18). List the prime factors of v*(1986/6 - 5).
2, 3, 163
Let i = 12116 - 1503. List the prime factors of i.
10613
Let k be 2/(-6) + 62/6. Let y = 260 - 248. Suppose y*b - 202 = k*b. What are the prime factors of b?
101
Let b(y) = 2*y**3 - 9*y**2 - 2*y + 84. Suppose 39 = 2*i + 5*u, i - 15*u - 12 = -16*u. What are the prime factors of b(i)?
3, 5, 7
What are the prime factors of (207/4)/((-48)/(-11520))?
2, 3, 5, 23
Let p(j) = -j**3 + 11*j**2 - j - 11. Let k = 212 + -203. List the prime factors of p(k).
2, 71
Suppose 2*y - 1388 = 5*g, 4*y - 4*g - 2068 = y. Suppose m - 3*s = 2*m - 234, -3*s + y = 3*m. Suppose -3*a - m = -8*a. List the prime factors of a.
3, 5
Suppose 42 = -181*m + 183*m. What are the prime factors of (-4 + 0)*(-7)/12*m?
7
Suppose -6*i + 301 + 2165 = 0. Let a = 1607 - i. List the prime factors of a.
2, 13, 23
Let w(d) = 236*d + 893. List the prime factors of w(50).
3, 4231
Suppose -107334 = -2*h + 591*i - 593*i, -2*h - 3*i + 107338 = 0. What are the prime factors of h?
103, 521
List the prime factors of (-48717)/72*(-41 - -1).
5, 5413
Let i(c) = -117*c - 44052 + 43902 - 50*c. List the prime factors of i(-11).
7, 241
Let g(m) be the second derivative of m**2 + 6*m + 0 + 1/6*m**3 + 1/12*m**4 - 2/5*m**5. What are the prime factors of g(-2)?
2, 17
Suppose 5*q + 503 = 2383. Suppose 3*n - q = -n. List the prime factors of n/3*(81/(-6))/(-9).
47
Suppose -5*r + 0*x = 2*x - 46163, 27687 = 3*r + 3*x. List the prime factors of r.
5, 1847
Let a(v) be the second derivative of 2*v**4/3 - 5*v**3/3 + v**2/2 + 160*v. List the prime factors of a(8).
433
Suppose -6*k - 4*q - 3334 = -65342, 3*k - 30969 = 3*q. What are the prime factors of k?
2, 5, 1033
Let x be ((-74800)/132)/((-2)/3). Let a = x + -526. List the prime factors of a.
2, 3
Let s = -5849 - -9992. List the prime factors of s.
3, 1381
Let l = -51 - -59. Let p(c) = -2*c + 5*c - 2*c + l*c + 8. What are the prime factors of p(6)?
2, 31
Let g(n) = 97*n**2 - 3*n + 2. Let b = -51 - -54. Suppose 0 = t - 4*t + b. List the prime factors of g(t).
2, 3
Suppose -36*h + 118611 = -34*h + 3*p, -3*p - 770814 = -13*h. List the prime factors of h.
3, 5, 59, 67
Suppose 0 = -68*a + 364*a - 7505398 + 2739502. What are the prime factors of a?
3, 1789
Suppose -m - 512 = -5*z - 2787, -3*z = -3*m + 6837. What are the prime factors of m?
2, 3, 5, 19
Suppose 0*o + 3*o = -18. Let m be 14/o - (-2)/6 - -5. Suppose 4*w = 4*h - 15 - 1, -6 = -m*h + 5*w. List the prime factors of h.
7
Let z = 35 + -117. Let w = 109 + z. Suppose -w*o = -30*o + 375. What are the prime factors of o?
5
Let h = 954 - 112. List the prime factors of h.
2, 421
Let u = 271 + -267. Suppose 0 = -5*q - 3*r + 1271, -3*r = u*q - 0*r - 1018. What are the prime factors of q?
11, 23
Suppose 4*h = -5*y + 900, -7*y = -9*y - 3*h + 360. Suppose -1596 = -8*g - y. What are the prime factors of g?
3, 59
Let n(p) = -26*p + 3411. List the prime factors of n(79).
23, 59
List the prime factors of (-23)/(-575) + (-6)/150*-1218874.
5, 7, 199
What are the prime factors of (6 - 17 - 327)/(1/(-7)) - 1?
5, 11, 43
Suppose 53*v = -40*v + 201717. List the prime factors of v.
3, 241
List the prime factors of (54/(-108))/(4/8) - (1 - 76945).
76943
Suppose -4*f + 2*f = -48. Let l = f - 32. List the prime factors of 2775/27 + l/(-36).
103
What are the prime factors of (-11)/(748/238187)*2*-2?
14011
List the prime factors of (((-7530)/4)/15)/((-5)/130).
13, 251
Suppose x - 15986 = -10*r + 9*r, -2*x + 3*r = -31972. What are the prime factors of x?
2, 7993
Let q = 145 + 402. Let n = q + 529. What are the prime factors of n?
2, 269
Let f = 623 + -1382. Let c = 1100 + f. List the prime factors of c.
11, 31
Let l = 37 + -32. List the prime factors of (l - -2)/(7/399).
3, 7, 19
Suppose -3*p + 68057 = -j, -1646*p + 1644*p + 45372 = -j. List the prime factors of p.
5, 13, 349
Let t be (-3)/6 + -11*3/(-6). Suppose t*m + 3*w + 1 = 8, 0 = -4*m + w + 9. Suppose -571 = -4*q - 3*v, 4*q = m*q - 2*v + 284. List the prime factors of q.
5, 29
Let l(t) = -2*t**3 - 44*t**2 - 500*t - 10. What are the prime factors of l(-22)?
2, 5, 7, 157
Suppose 2*a = 2*s - 190363 + 68043, 183464 = 3*s + a. What are the prime factors of s?
2, 15289
Suppose -y + 4 = 14. Let g be (8/y)/(1/(-25)). Let b(j) = 4*j - 33. List the prime factors of b(g).
47
Let q(f) be the first derivative of f**4/4 - 2*f**3/3 + 5*f**2/2 - 2*f + 13. Suppose 3*w - 7*w = -16. What are the prime factors of q(w)?
2, 5
Suppose -199*x + 6468740 = -54*x. List the prime factors of x.
2, 19, 587
Let d be ((-1 + 3)*3)/((-138)/(-207)). Suppose 0 = -h - 2*i + 781, -7*i + d*i = -3*h + 2347. List the prime factors of h.
3, 29
Let d(j) = 2*j**3 - 113*j**2 + 93*j + 557. What are the prime factors of d(62)?
13, 3739
Let f(r) = 64*r**2 + 9*r + 4. What are the prime factors of f(9)?
11, 479
Suppose -8*u = 27*u - 49*u + 125426. List the prime factors of u.
17, 31
List the prime factors of (9980817/1386)/(2/12).
43207
Let j = -460 - -464. Suppose j*n = 325 + 2715. What are the prime factors of n?
2, 5, 19
Suppose -531*k + 530*k = -3*o + 40313, -3*k = -5*o + 67195. List the prime factors of o.
2, 3359
Let v = -29 + 79. Let b = 60 + 22. Let i = b - v. List the prime factors of i.
2
Let j(g) = g**2 - 18*g - 20. Let h be j(19). What are the prime factors of (((-12)/7)/h)/(12/798)?
2, 3, 19
Suppose -158644 = -10*u + 15*x - 17*x, x = -3*u + 47594. What are the prime factors of u?
2, 3, 661
Let k(q) = -6*q + 29. Let m be 20*2/(-15)*(-8 - -11). Let z = -14 - m. List the prime factors of k(z).
5, 13
Suppose -j - j + 88 = -2*i, -i = 3*j - 112. Let h = j + -35. Suppose h*v - 119 - 73 = 0. List the prime factors of v.
2, 3
What are the prime factors of (-9)/1836*-24 - (-272844)/51?
2, 5, 107
Suppose y = -5*o - 3, 1 - 10 = -4*y + o. Suppose 0 = y*p + 3*p - 100. Let q = -12 + p. What are the prime factors of q?
2
Let p(u) = -u**3 + 2*u**2 + u - 14. Let f be p(6). Let v be (-2*15/(-12))/(4/f). Let q = v - -162. What are the prime factors of q?
67
Let d(h) = 8*h - 8*h - 5*h - h**2. Let i be d(-4). Suppose -5*o - 1068 = -4*s, -521 + 1601 = i*s - 2*o. List the prime factors of s.
2, 17
Let p(d) = -d**2 + 28*d + 110. List the prime factors of p(26).
2, 3
Suppose 74*r + 21 = 81*r. Suppose -r*q + 742 = 4*s - q, 3*s = q + 564. List the prime factors of s.
11, 17
Suppose 8*b - 222684 - 124179 = -25*b. What are the prime factors of b?
23, 457
Let z(o) = -2*o**3 - 32*o**2 - 44*o - 110. List the prime factors of z(-23).
2, 31, 67
Let r(b) = -b. Let h(k) = 8*k - 1. Let d(o) = 2*h(o) + 14*r(o). Let u be d(3). Suppose p = 2*p + u*g - 86, p - 77 = -g. What are the prime factors of p?
2, 37
Let c = -10546 + 63634. What are the prime factors of c?
2, 3, 7, 79
Let c(n) be the second derivative of -n**5/20 - 11*n**4/12 - 10*n**3/3 - 107*n**2/2 + 108*n. What are the prime factors of c(-15)?
1093
Suppose -g + 106 = r, -5*g + 3*r + 14 + 532 = 0. Let v be -2 + g + -1 + 1. Let q = 149 - v. What are the prime factors of q?
43
Suppose -53*o = -52*o - 36. Let v = o - 34. Suppose 45 - 14 = x + 3*n, -3*n + 62 = v